{"id":2073,"date":"2024-04-17T18:09:04","date_gmt":"2024-04-17T18:09:04","guid":{"rendered":"https:\/\/123anabolen.com\/?post_type=product&#038;p=2073"},"modified":"2026-02-26T13:23:53","modified_gmt":"2026-02-26T13:23:53","slug":"masteron-enanthaat-200mg-ml-alpha-genetics","status":"publish","type":"product","link":"https:\/\/123anabolen.com\/index.php\/product\/masteron-enanthaat-200mg-ml-alpha-genetics\/","title":{"rendered":"Masteron Enanthaat &#8211; 200mg\/ml &#8211; Alpha Genetics"},"content":{"rendered":"<h3><strong>Hoge kwaliteit Masteron Enanthaat<\/strong><\/h3>\n<p>Masteron is populair om de spierdichtheid en hardheid te verhogen. Het is hiervoor zeer geschikt om de volgende redenen:<\/p>\n<p>Het converteert zelf niet naar oestrogeen, maar vormt wel banden met het aromatase enzym. Op die manier kan dit enzym minder anabole stero\u00efden omzetten die hier wel vatbaar voor zijn.<\/p>\n<p>Daarnaast zorgt Masteron zelf voor spierhardheid en dichtheid. Dit kunnen wel meer middelen, maar Masteron kan dit doen terwijl het ook zorgt voor een lager vetpercentage en meer spierkracht. Dit is uniek. En dit maakt het ook een interessant middel voor competitieve sporters in gewichtsklasses.<\/p>\n<h2>Werking van Masteron<\/h2>\n<p><strong>Masteron<\/strong>\u00a0is een sterk androgeen. Het aromatiseert niet, sterker nog, het verbruikt veel aromatase enzymen zonder zelf veranderd te worden. Omdat masteron zo androgeen is, hoef je er ook geen grote toename van spiermassa van te verwachten terwijl de spierkracht wel toeneemt. Om deze reden wordt het vrijwel alleen gebruikt tijdens het cutten. In een cutkuur wordt het door bodybuilders met een al laag vetpercentage vaak gebruikt om de spieren een hardere look te geven. Ook is het een interessant middel voor sporters die in gewichtsklasses ingedeeld worden doordat de spierkracht toeneemt terwijl het lichaamsgewicht gelijk blijft of zelf lager wordt. In een cutkuur moet Masteron gecombineerd worden met andere middelen omdat het zelf niet kan zorgen dat er genoeg spiermassa vastgehouden wordt.<\/p>\n<h2>Gebruik van Masteron<\/h2>\n<p>Er zijn twee injecteerbare varianten van Masteron verkrijgbaar:\u00a0<strong>Masteron Propionate<\/strong>\u00a0en\u00a0<strong>Masteron Enanthate<\/strong>. De eerste moet tussen elke dag en om de 2 dagen ge\u00efnjecteerd worden terwijl voor de laatste \u00e9\u00e9n keer per week voldoende is.<\/p>\n<p>Normale dosis liggen rond de 300 &#8211; 500 mg per week. Voor een cutkuur met behoud van spiermassa kan het gestackt worden met Boldenone. Een andere populaire stack is Masteron Propionaat met\u00a0Testosteron Propionaat,\u00a0Winstrol\u00a0en eventueel\u00a0Trenbolone Acetate. Masteron Enanthaat kan gecombineerd worden met\u00a0Testosteron Enanthate\u00a0en\u00a0Trenbolone Enanthate.<\/p>\n<p>Masteron geeft het beste effect als de gebruiker al een laag vetpercentage heeft. Als dit niet het geval is dan zijn de resultaten van Masteron minder goed zichtbaar en leidt het gebruik tot een teleurstelling.<\/p>\n<h2>Bijwerkingen van Masteron<\/h2>\n<p>Oestrogeen gerelateerde bijwerkingen zoals waterretentie en gynecomastie zijn bij Masteron geen probleem. Sterker nog, Masteron fungeert als anti-oestrogeen wanneer het met aromatiserende anabole stero\u00efden samen gebruikt wordt.<\/p>\n<p>Doordat Masteron de hormoonproductie onderdrukt zullen de testikels tijdelijk krimpen en kunnen soms tijdelijke erectiestoornissen optreden. Verder kunnen prostaathypertrofie, acne en vette huid, toename van lichaamshaar en uitvallen van hoofdhaar optreden. Omdat deze bijwerkingen van Masteron zelf komen en niet van de conversie naar een sterker androgeen, heeft het geen zin om\u00a0Finasteride\u00a0te nemen. De kans op hartaandoeningen wordt door Masteron vergroot. Bij vrouwen treedt door Masteron snel vermannelijking op.<\/p>\n<p>&nbsp;<\/p>\n<p><b>Informatie:<\/b><\/p>\n<table class=\"table table-bordered\">\n<tbody>\n<tr>\n<td>Werkzame periode<\/td>\n<td>5-7 dagen<\/td>\n<\/tr>\n<tr>\n<td>Toediening<\/td>\n<td>Inject<\/td>\n<\/tr>\n<tr>\n<td>Dosis<\/td>\n<td>200-600mg<\/td>\n<\/tr>\n<tr>\n<td>Acne<\/td>\n<td>Ja<\/td>\n<\/tr>\n<tr>\n<td>Waterretentie<\/td>\n<td>Nee<\/td>\n<\/tr>\n<tr>\n<td>Hoge bloeddruk<\/td>\n<td>Nee<\/td>\n<\/tr>\n<tr>\n<td>Beschadiging lever<\/td>\n<td>Nee<\/td>\n<\/tr>\n<tr>\n<td>Aromatisering<\/td>\n<td>Nee<\/td>\n<\/tr>\n<tr>\n<td>DHT conversie<\/td>\n<td>Nee<\/td>\n<\/tr>\n<\/tbody>\n<\/table>\n","protected":false},"excerpt":{"rendered":"<p>Hoge kwaliteit Masteron Enanthaat Masteron is populair om de spierdichtheid en hardheid te verhogen. Het is hiervoor zeer geschikt om de volgende redenen: Het converteert&#8230;<\/p>\n","protected":false},"featured_media":103,"comment_status":"open","ping_status":"closed","template":"","meta":[],"etheme_brands":[],"product_brand":[],"product_cat":[26,16],"product_tag":[18],"class_list":{"0":"post-2073","1":"product","2":"type-product","3":"status-publish","4":"has-post-thumbnail","6":"product_cat-aanbiedingen","7":"product_cat-injecteerbare-steroiden","8":"product_tag-alpha-genetics","10":"first","11":"instock","12":"shipping-taxable","13":"purchasable","14":"product-type-simple"},"yoast_head":"<!-- This site is optimized with the Yoast SEO plugin v27.3 - https:\/\/yoast.com\/product\/yoast-seo-wordpress\/ -->\n<title>Masteron Enanthaat - 200mg\/ml - Alpha Genetics - De grootste in anabolen<\/title>\n<meta name=\"robots\" content=\"index, follow, max-snippet:-1, max-image-preview:large, max-video-preview:-1\" \/>\n<link rel=\"canonical\" href=\"https:\/\/123anabolen.com\/index.php\/product\/masteron-enanthaat-200mg-ml-alpha-genetics\/\" \/>\n<meta property=\"og:locale\" content=\"nl_NL\" \/>\n<meta property=\"og:type\" content=\"article\" \/>\n<meta property=\"og:title\" content=\"Masteron Enanthaat - 200mg\/ml - Alpha Genetics - De grootste in anabolen\" \/>\n<meta property=\"og:description\" content=\"Hoge kwaliteit Masteron Enanthaat Masteron is populair om de spierdichtheid en hardheid te verhogen. Het is hiervoor zeer geschikt om de volgende redenen: Het converteert...\" \/>\n<meta property=\"og:url\" content=\"https:\/\/123anabolen.com\/index.php\/product\/masteron-enanthaat-200mg-ml-alpha-genetics\/\" \/>\n<meta property=\"og:site_name\" content=\"De grootste in anabolen\" \/>\n<meta property=\"article:modified_time\" content=\"2026-02-26T13:23:53+00:00\" \/>\n<meta property=\"og:image\" content=\"https:\/\/123anabolen.com\/wp-content\/uploads\/2024\/04\/70.png\" \/>\n\t<meta property=\"og:image:width\" content=\"3024\" \/>\n\t<meta property=\"og:image:height\" content=\"4032\" \/>\n\t<meta property=\"og:image:type\" content=\"image\/png\" \/>\n<meta name=\"twitter:card\" content=\"summary_large_image\" \/>\n<meta name=\"twitter:label1\" content=\"Geschatte leestijd\" \/>\n\t<meta name=\"twitter:data1\" content=\"2 minuten\" \/>\n<script type=\"application\/ld+json\" class=\"yoast-schema-graph\">{\"@context\":\"https:\\\/\\\/schema.org\",\"@graph\":[{\"@type\":\"WebPage\",\"@id\":\"https:\\\/\\\/123anabolen.com\\\/index.php\\\/product\\\/masteron-enanthaat-200mg-ml-alpha-genetics\\\/\",\"url\":\"https:\\\/\\\/123anabolen.com\\\/index.php\\\/product\\\/masteron-enanthaat-200mg-ml-alpha-genetics\\\/\",\"name\":\"Masteron Enanthaat - 200mg\\\/ml - Alpha Genetics - De grootste in anabolen\",\"isPartOf\":{\"@id\":\"https:\\\/\\\/123anabolen.com\\\/#website\"},\"primaryImageOfPage\":{\"@id\":\"https:\\\/\\\/123anabolen.com\\\/index.php\\\/product\\\/masteron-enanthaat-200mg-ml-alpha-genetics\\\/#primaryimage\"},\"image\":{\"@id\":\"https:\\\/\\\/123anabolen.com\\\/index.php\\\/product\\\/masteron-enanthaat-200mg-ml-alpha-genetics\\\/#primaryimage\"},\"thumbnailUrl\":\"https:\\\/\\\/123anabolen.com\\\/wp-content\\\/uploads\\\/2024\\\/04\\\/70.png\",\"datePublished\":\"2024-04-17T18:09:04+00:00\",\"dateModified\":\"2026-02-26T13:23:53+00:00\",\"breadcrumb\":{\"@id\":\"https:\\\/\\\/123anabolen.com\\\/index.php\\\/product\\\/masteron-enanthaat-200mg-ml-alpha-genetics\\\/#breadcrumb\"},\"inLanguage\":\"nl-NL\",\"potentialAction\":[{\"@type\":\"ReadAction\",\"target\":[\"https:\\\/\\\/123anabolen.com\\\/index.php\\\/product\\\/masteron-enanthaat-200mg-ml-alpha-genetics\\\/\"]}]},{\"@type\":\"ImageObject\",\"inLanguage\":\"nl-NL\",\"@id\":\"https:\\\/\\\/123anabolen.com\\\/index.php\\\/product\\\/masteron-enanthaat-200mg-ml-alpha-genetics\\\/#primaryimage\",\"url\":\"https:\\\/\\\/123anabolen.com\\\/wp-content\\\/uploads\\\/2024\\\/04\\\/70.png\",\"contentUrl\":\"https:\\\/\\\/123anabolen.com\\\/wp-content\\\/uploads\\\/2024\\\/04\\\/70.png\",\"width\":3024,\"height\":4032},{\"@type\":\"BreadcrumbList\",\"@id\":\"https:\\\/\\\/123anabolen.com\\\/index.php\\\/product\\\/masteron-enanthaat-200mg-ml-alpha-genetics\\\/#breadcrumb\",\"itemListElement\":[{\"@type\":\"ListItem\",\"position\":1,\"name\":\"Home\",\"item\":\"https:\\\/\\\/123anabolen.com\\\/\"},{\"@type\":\"ListItem\",\"position\":2,\"name\":\"Shop\",\"item\":\"https:\\\/\\\/123anabolen.com\\\/index.php\\\/shop\\\/\"},{\"@type\":\"ListItem\",\"position\":3,\"name\":\"Masteron Enanthaat &#8211; 200mg\\\/ml &#8211; Alpha Genetics\"}]},{\"@type\":\"WebSite\",\"@id\":\"https:\\\/\\\/123anabolen.com\\\/#website\",\"url\":\"https:\\\/\\\/123anabolen.com\\\/\",\"name\":\"De grootste in anabolen\",\"description\":\"De grootste in de BENELUX\",\"publisher\":{\"@id\":\"https:\\\/\\\/123anabolen.com\\\/#organization\"},\"potentialAction\":[{\"@type\":\"SearchAction\",\"target\":{\"@type\":\"EntryPoint\",\"urlTemplate\":\"https:\\\/\\\/123anabolen.com\\\/?s={search_term_string}\"},\"query-input\":{\"@type\":\"PropertyValueSpecification\",\"valueRequired\":true,\"valueName\":\"search_term_string\"}}],\"inLanguage\":\"nl-NL\"},{\"@type\":\"Organization\",\"@id\":\"https:\\\/\\\/123anabolen.com\\\/#organization\",\"name\":\"De grootste in anabolen\",\"url\":\"https:\\\/\\\/123anabolen.com\\\/\",\"logo\":{\"@type\":\"ImageObject\",\"inLanguage\":\"nl-NL\",\"@id\":\"https:\\\/\\\/123anabolen.com\\\/#\\\/schema\\\/logo\\\/image\\\/\",\"url\":\"https:\\\/\\\/123anabolen.com\\\/wp-content\\\/uploads\\\/2024\\\/04\\\/medicalife.png\",\"contentUrl\":\"https:\\\/\\\/123anabolen.com\\\/wp-content\\\/uploads\\\/2024\\\/04\\\/medicalife.png\",\"width\":500,\"height\":500,\"caption\":\"De grootste in anabolen\"},\"image\":{\"@id\":\"https:\\\/\\\/123anabolen.com\\\/#\\\/schema\\\/logo\\\/image\\\/\"}}]}<\/script>\n<!-- \/ Yoast SEO plugin. -->","yoast_head_json":{"title":"Masteron Enanthaat - 200mg\/ml - Alpha Genetics - De grootste in anabolen","robots":{"index":"index","follow":"follow","max-snippet":"max-snippet:-1","max-image-preview":"max-image-preview:large","max-video-preview":"max-video-preview:-1"},"canonical":"https:\/\/123anabolen.com\/index.php\/product\/masteron-enanthaat-200mg-ml-alpha-genetics\/","og_locale":"nl_NL","og_type":"article","og_title":"Masteron Enanthaat - 200mg\/ml - Alpha Genetics - De grootste in anabolen","og_description":"Hoge kwaliteit Masteron Enanthaat Masteron is populair om de spierdichtheid en hardheid te verhogen. Het is hiervoor zeer geschikt om de volgende redenen: Het converteert...","og_url":"https:\/\/123anabolen.com\/index.php\/product\/masteron-enanthaat-200mg-ml-alpha-genetics\/","og_site_name":"De grootste in anabolen","article_modified_time":"2026-02-26T13:23:53+00:00","og_image":[{"width":3024,"height":4032,"url":"https:\/\/123anabolen.com\/wp-content\/uploads\/2024\/04\/70.png","type":"image\/png"}],"twitter_card":"summary_large_image","twitter_misc":{"Geschatte leestijd":"2 minuten"},"schema":{"@context":"https:\/\/schema.org","@graph":[{"@type":"WebPage","@id":"https:\/\/123anabolen.com\/index.php\/product\/masteron-enanthaat-200mg-ml-alpha-genetics\/","url":"https:\/\/123anabolen.com\/index.php\/product\/masteron-enanthaat-200mg-ml-alpha-genetics\/","name":"Masteron Enanthaat - 200mg\/ml - Alpha Genetics - De grootste in anabolen","isPartOf":{"@id":"https:\/\/123anabolen.com\/#website"},"primaryImageOfPage":{"@id":"https:\/\/123anabolen.com\/index.php\/product\/masteron-enanthaat-200mg-ml-alpha-genetics\/#primaryimage"},"image":{"@id":"https:\/\/123anabolen.com\/index.php\/product\/masteron-enanthaat-200mg-ml-alpha-genetics\/#primaryimage"},"thumbnailUrl":"https:\/\/123anabolen.com\/wp-content\/uploads\/2024\/04\/70.png","datePublished":"2024-04-17T18:09:04+00:00","dateModified":"2026-02-26T13:23:53+00:00","breadcrumb":{"@id":"https:\/\/123anabolen.com\/index.php\/product\/masteron-enanthaat-200mg-ml-alpha-genetics\/#breadcrumb"},"inLanguage":"nl-NL","potentialAction":[{"@type":"ReadAction","target":["https:\/\/123anabolen.com\/index.php\/product\/masteron-enanthaat-200mg-ml-alpha-genetics\/"]}]},{"@type":"ImageObject","inLanguage":"nl-NL","@id":"https:\/\/123anabolen.com\/index.php\/product\/masteron-enanthaat-200mg-ml-alpha-genetics\/#primaryimage","url":"https:\/\/123anabolen.com\/wp-content\/uploads\/2024\/04\/70.png","contentUrl":"https:\/\/123anabolen.com\/wp-content\/uploads\/2024\/04\/70.png","width":3024,"height":4032},{"@type":"BreadcrumbList","@id":"https:\/\/123anabolen.com\/index.php\/product\/masteron-enanthaat-200mg-ml-alpha-genetics\/#breadcrumb","itemListElement":[{"@type":"ListItem","position":1,"name":"Home","item":"https:\/\/123anabolen.com\/"},{"@type":"ListItem","position":2,"name":"Shop","item":"https:\/\/123anabolen.com\/index.php\/shop\/"},{"@type":"ListItem","position":3,"name":"Masteron Enanthaat &#8211; 200mg\/ml &#8211; Alpha Genetics"}]},{"@type":"WebSite","@id":"https:\/\/123anabolen.com\/#website","url":"https:\/\/123anabolen.com\/","name":"De grootste in anabolen","description":"De grootste in de BENELUX","publisher":{"@id":"https:\/\/123anabolen.com\/#organization"},"potentialAction":[{"@type":"SearchAction","target":{"@type":"EntryPoint","urlTemplate":"https:\/\/123anabolen.com\/?s={search_term_string}"},"query-input":{"@type":"PropertyValueSpecification","valueRequired":true,"valueName":"search_term_string"}}],"inLanguage":"nl-NL"},{"@type":"Organization","@id":"https:\/\/123anabolen.com\/#organization","name":"De grootste in anabolen","url":"https:\/\/123anabolen.com\/","logo":{"@type":"ImageObject","inLanguage":"nl-NL","@id":"https:\/\/123anabolen.com\/#\/schema\/logo\/image\/","url":"https:\/\/123anabolen.com\/wp-content\/uploads\/2024\/04\/medicalife.png","contentUrl":"https:\/\/123anabolen.com\/wp-content\/uploads\/2024\/04\/medicalife.png","width":500,"height":500,"caption":"De grootste in anabolen"},"image":{"@id":"https:\/\/123anabolen.com\/#\/schema\/logo\/image\/"}}]}},"jetpack_sharing_enabled":true,"_links":{"self":[{"href":"https:\/\/123anabolen.com\/index.php\/wp-json\/wp\/v2\/product\/2073","targetHints":{"allow":["GET"]}}],"collection":[{"href":"https:\/\/123anabolen.com\/index.php\/wp-json\/wp\/v2\/product"}],"about":[{"href":"https:\/\/123anabolen.com\/index.php\/wp-json\/wp\/v2\/types\/product"}],"replies":[{"embeddable":true,"href":"https:\/\/123anabolen.com\/index.php\/wp-json\/wp\/v2\/comments?post=2073"}],"version-history":[{"count":3,"href":"https:\/\/123anabolen.com\/index.php\/wp-json\/wp\/v2\/product\/2073\/revisions"}],"predecessor-version":[{"id":4610,"href":"https:\/\/123anabolen.com\/index.php\/wp-json\/wp\/v2\/product\/2073\/revisions\/4610"}],"wp:featuredmedia":[{"embeddable":true,"href":"https:\/\/123anabolen.com\/index.php\/wp-json\/wp\/v2\/media\/103"}],"wp:attachment":[{"href":"https:\/\/123anabolen.com\/index.php\/wp-json\/wp\/v2\/media?parent=2073"}],"wp:term":[{"taxonomy":"brand","embeddable":true,"href":"https:\/\/123anabolen.com\/index.php\/wp-json\/wp\/v2\/etheme_brands?post=2073"},{"taxonomy":"product_brand","embeddable":true,"href":"https:\/\/123anabolen.com\/index.php\/wp-json\/wp\/v2\/product_brand?post=2073"},{"taxonomy":"product_cat","embeddable":true,"href":"https:\/\/123anabolen.com\/index.php\/wp-json\/wp\/v2\/product_cat?post=2073"},{"taxonomy":"product_tag","embeddable":true,"href":"https:\/\/123anabolen.com\/index.php\/wp-json\/wp\/v2\/product_tag?post=2073"}],"curies":[{"name":"wp","href":"https:\/\/api.w.org\/{rel}","templated":true}]}}