{"id":2078,"date":"2024-04-17T18:09:04","date_gmt":"2024-04-17T18:09:04","guid":{"rendered":"https:\/\/123anabolen.com\/?post_type=product&#038;p=2078"},"modified":"2026-02-03T09:09:57","modified_gmt":"2026-02-03T09:09:57","slug":"testosterone-cypionate-250mg-ml-alpha-genetics","status":"publish","type":"product","link":"https:\/\/123anabolen.com\/index.php\/product\/testosterone-cypionate-250mg-ml-alpha-genetics\/","title":{"rendered":"Testosterone Cypionate &#8211; 250mg\/ml &#8211; Alpha Genetics"},"content":{"rendered":"<p><strong>Hoge kwaliteit testosterone cypionate<\/strong><\/p>\n<p>Testosteron Cypionate hoeft maar \u00eb\u00ebn keer in de week ge\u00efnjecteerd te worden en is daardoor zeer gebruiksvriendelijk.<br \/>\nWanneer enkel Testosteron Cyptionate gebruikt wordt, zorgt het voor veel spiermassa en spierkracht. Met toevoeging van Masteron Enanthaat en\/of Trenbolone Enanthaat win je droge spiermassa en spierkracht. Testosteron-only is een veel voorkomende <a href=\"https:\/\/kwaliteitkuurtje.com\/product-category\/kuur-pakketten\/\">beginnerskuur<\/a>. Toevoeging van Deca of Boldenone zorgt voor extra spiermassa.<\/p>\n<p>Testosteron geeft zowel oestrogeen als androgeen gerelateerde bijwerkingen. Voorbeelden hiervan zijn vermannelijking, haargroei, gyno, waterretentie, verlies van hoofdhaar en prostaatgroei. Middelen als oestrogeenblokkers (Nolvadex), aromataseremmers (Arimidex), anabolen die aromatase blokkeren (Masteron Enanthaat) en reductaseremmers (Proscar) verminderen deze bijwerkingen en veranderen de werking van Testosteron. Een nakuur is altijd nodig.<\/p>\n<p><b>Informatie:<\/b><\/p>\n<table class=\"table table-bordered\">\n<tbody>\n<tr>\n<td>Werkzame periode<\/td>\n<td>14-16 dagen<\/td>\n<\/tr>\n<tr>\n<td>Toediening<\/td>\n<td>Inject<\/td>\n<\/tr>\n<tr>\n<td>Dosis<\/td>\n<td>250-1000mg<\/td>\n<\/tr>\n<tr>\n<td>Acne<\/td>\n<td>Bij hogere doseringen<\/td>\n<\/tr>\n<tr>\n<td>Waterretentie<\/td>\n<td>Bij hogere doseringen<\/td>\n<\/tr>\n<tr>\n<td>Hoge bloeddruk<\/td>\n<td>Bij hogere doseringen<\/td>\n<\/tr>\n<tr>\n<td>Beschadiging lever<\/td>\n<td>Bij hogere doseringen<\/td>\n<\/tr>\n<tr>\n<td>Aromatisering<\/td>\n<td>Ja<\/td>\n<\/tr>\n<tr>\n<td>DHT conversie<\/td>\n<td>Ja<\/td>\n<\/tr>\n<\/tbody>\n<\/table>\n","protected":false},"excerpt":{"rendered":"<p>Hoge kwaliteit testosterone cypionate Testosteron Cypionate hoeft maar \u00eb\u00ebn keer in de week ge\u00efnjecteerd te worden en is daardoor zeer gebruiksvriendelijk. Wanneer enkel Testosteron Cyptionate&#8230;<\/p>\n","protected":false},"featured_media":118,"comment_status":"open","ping_status":"closed","template":"","meta":[],"etheme_brands":[],"product_brand":[],"product_cat":[26,35,16],"product_tag":[18],"class_list":{"0":"post-2078","1":"product","2":"type-product","3":"status-publish","4":"has-post-thumbnail","6":"product_cat-aanbiedingen","7":"product_cat-farmaceut","8":"product_cat-injecteerbare-steroiden","9":"product_tag-alpha-genetics","11":"first","12":"instock","13":"shipping-taxable","14":"purchasable","15":"product-type-simple"},"yoast_head":"<!-- This site is optimized with the Yoast SEO plugin v27.3 - https:\/\/yoast.com\/product\/yoast-seo-wordpress\/ -->\n<title>Testosterone Cypionate - 250mg\/ml - Alpha Genetics - De grootste in anabolen<\/title>\n<meta name=\"robots\" content=\"index, follow, max-snippet:-1, max-image-preview:large, max-video-preview:-1\" \/>\n<link rel=\"canonical\" href=\"https:\/\/123anabolen.com\/index.php\/product\/testosterone-cypionate-250mg-ml-alpha-genetics\/\" \/>\n<meta property=\"og:locale\" content=\"nl_NL\" \/>\n<meta property=\"og:type\" content=\"article\" \/>\n<meta property=\"og:title\" content=\"Testosterone Cypionate - 250mg\/ml - Alpha Genetics - De grootste in anabolen\" \/>\n<meta property=\"og:description\" content=\"Hoge kwaliteit testosterone cypionate Testosteron Cypionate hoeft maar \u00eb\u00ebn keer in de week ge\u00efnjecteerd te worden en is daardoor zeer gebruiksvriendelijk. Wanneer enkel Testosteron Cyptionate...\" \/>\n<meta property=\"og:url\" content=\"https:\/\/123anabolen.com\/index.php\/product\/testosterone-cypionate-250mg-ml-alpha-genetics\/\" \/>\n<meta property=\"og:site_name\" content=\"De grootste in anabolen\" \/>\n<meta property=\"article:modified_time\" content=\"2026-02-03T09:09:57+00:00\" \/>\n<meta property=\"og:image\" content=\"https:\/\/123anabolen.com\/wp-content\/uploads\/2024\/04\/42.png\" \/>\n\t<meta property=\"og:image:width\" content=\"3024\" \/>\n\t<meta property=\"og:image:height\" content=\"4032\" \/>\n\t<meta property=\"og:image:type\" content=\"image\/png\" \/>\n<meta name=\"twitter:card\" content=\"summary_large_image\" \/>\n<meta name=\"twitter:label1\" content=\"Geschatte leestijd\" \/>\n\t<meta name=\"twitter:data1\" content=\"1 minuut\" \/>\n<script type=\"application\/ld+json\" class=\"yoast-schema-graph\">{\"@context\":\"https:\\\/\\\/schema.org\",\"@graph\":[{\"@type\":\"WebPage\",\"@id\":\"https:\\\/\\\/123anabolen.com\\\/index.php\\\/product\\\/testosterone-cypionate-250mg-ml-alpha-genetics\\\/\",\"url\":\"https:\\\/\\\/123anabolen.com\\\/index.php\\\/product\\\/testosterone-cypionate-250mg-ml-alpha-genetics\\\/\",\"name\":\"Testosterone Cypionate - 250mg\\\/ml - Alpha Genetics - De grootste in anabolen\",\"isPartOf\":{\"@id\":\"https:\\\/\\\/123anabolen.com\\\/#website\"},\"primaryImageOfPage\":{\"@id\":\"https:\\\/\\\/123anabolen.com\\\/index.php\\\/product\\\/testosterone-cypionate-250mg-ml-alpha-genetics\\\/#primaryimage\"},\"image\":{\"@id\":\"https:\\\/\\\/123anabolen.com\\\/index.php\\\/product\\\/testosterone-cypionate-250mg-ml-alpha-genetics\\\/#primaryimage\"},\"thumbnailUrl\":\"https:\\\/\\\/123anabolen.com\\\/wp-content\\\/uploads\\\/2024\\\/04\\\/42.png\",\"datePublished\":\"2024-04-17T18:09:04+00:00\",\"dateModified\":\"2026-02-03T09:09:57+00:00\",\"breadcrumb\":{\"@id\":\"https:\\\/\\\/123anabolen.com\\\/index.php\\\/product\\\/testosterone-cypionate-250mg-ml-alpha-genetics\\\/#breadcrumb\"},\"inLanguage\":\"nl-NL\",\"potentialAction\":[{\"@type\":\"ReadAction\",\"target\":[\"https:\\\/\\\/123anabolen.com\\\/index.php\\\/product\\\/testosterone-cypionate-250mg-ml-alpha-genetics\\\/\"]}]},{\"@type\":\"ImageObject\",\"inLanguage\":\"nl-NL\",\"@id\":\"https:\\\/\\\/123anabolen.com\\\/index.php\\\/product\\\/testosterone-cypionate-250mg-ml-alpha-genetics\\\/#primaryimage\",\"url\":\"https:\\\/\\\/123anabolen.com\\\/wp-content\\\/uploads\\\/2024\\\/04\\\/42.png\",\"contentUrl\":\"https:\\\/\\\/123anabolen.com\\\/wp-content\\\/uploads\\\/2024\\\/04\\\/42.png\",\"width\":3024,\"height\":4032},{\"@type\":\"BreadcrumbList\",\"@id\":\"https:\\\/\\\/123anabolen.com\\\/index.php\\\/product\\\/testosterone-cypionate-250mg-ml-alpha-genetics\\\/#breadcrumb\",\"itemListElement\":[{\"@type\":\"ListItem\",\"position\":1,\"name\":\"Home\",\"item\":\"https:\\\/\\\/123anabolen.com\\\/\"},{\"@type\":\"ListItem\",\"position\":2,\"name\":\"Shop\",\"item\":\"https:\\\/\\\/123anabolen.com\\\/index.php\\\/shop\\\/\"},{\"@type\":\"ListItem\",\"position\":3,\"name\":\"Testosterone Cypionate &#8211; 250mg\\\/ml &#8211; Alpha Genetics\"}]},{\"@type\":\"WebSite\",\"@id\":\"https:\\\/\\\/123anabolen.com\\\/#website\",\"url\":\"https:\\\/\\\/123anabolen.com\\\/\",\"name\":\"De grootste in anabolen\",\"description\":\"De grootste in de BENELUX\",\"publisher\":{\"@id\":\"https:\\\/\\\/123anabolen.com\\\/#organization\"},\"potentialAction\":[{\"@type\":\"SearchAction\",\"target\":{\"@type\":\"EntryPoint\",\"urlTemplate\":\"https:\\\/\\\/123anabolen.com\\\/?s={search_term_string}\"},\"query-input\":{\"@type\":\"PropertyValueSpecification\",\"valueRequired\":true,\"valueName\":\"search_term_string\"}}],\"inLanguage\":\"nl-NL\"},{\"@type\":\"Organization\",\"@id\":\"https:\\\/\\\/123anabolen.com\\\/#organization\",\"name\":\"De grootste in anabolen\",\"url\":\"https:\\\/\\\/123anabolen.com\\\/\",\"logo\":{\"@type\":\"ImageObject\",\"inLanguage\":\"nl-NL\",\"@id\":\"https:\\\/\\\/123anabolen.com\\\/#\\\/schema\\\/logo\\\/image\\\/\",\"url\":\"https:\\\/\\\/123anabolen.com\\\/wp-content\\\/uploads\\\/2024\\\/04\\\/medicalife.png\",\"contentUrl\":\"https:\\\/\\\/123anabolen.com\\\/wp-content\\\/uploads\\\/2024\\\/04\\\/medicalife.png\",\"width\":500,\"height\":500,\"caption\":\"De grootste in anabolen\"},\"image\":{\"@id\":\"https:\\\/\\\/123anabolen.com\\\/#\\\/schema\\\/logo\\\/image\\\/\"}}]}<\/script>\n<!-- \/ Yoast SEO plugin. -->","yoast_head_json":{"title":"Testosterone Cypionate - 250mg\/ml - Alpha Genetics - De grootste in anabolen","robots":{"index":"index","follow":"follow","max-snippet":"max-snippet:-1","max-image-preview":"max-image-preview:large","max-video-preview":"max-video-preview:-1"},"canonical":"https:\/\/123anabolen.com\/index.php\/product\/testosterone-cypionate-250mg-ml-alpha-genetics\/","og_locale":"nl_NL","og_type":"article","og_title":"Testosterone Cypionate - 250mg\/ml - Alpha Genetics - De grootste in anabolen","og_description":"Hoge kwaliteit testosterone cypionate Testosteron Cypionate hoeft maar \u00eb\u00ebn keer in de week ge\u00efnjecteerd te worden en is daardoor zeer gebruiksvriendelijk. Wanneer enkel Testosteron Cyptionate...","og_url":"https:\/\/123anabolen.com\/index.php\/product\/testosterone-cypionate-250mg-ml-alpha-genetics\/","og_site_name":"De grootste in anabolen","article_modified_time":"2026-02-03T09:09:57+00:00","og_image":[{"width":3024,"height":4032,"url":"https:\/\/123anabolen.com\/wp-content\/uploads\/2024\/04\/42.png","type":"image\/png"}],"twitter_card":"summary_large_image","twitter_misc":{"Geschatte leestijd":"1 minuut"},"schema":{"@context":"https:\/\/schema.org","@graph":[{"@type":"WebPage","@id":"https:\/\/123anabolen.com\/index.php\/product\/testosterone-cypionate-250mg-ml-alpha-genetics\/","url":"https:\/\/123anabolen.com\/index.php\/product\/testosterone-cypionate-250mg-ml-alpha-genetics\/","name":"Testosterone Cypionate - 250mg\/ml - Alpha Genetics - De grootste in anabolen","isPartOf":{"@id":"https:\/\/123anabolen.com\/#website"},"primaryImageOfPage":{"@id":"https:\/\/123anabolen.com\/index.php\/product\/testosterone-cypionate-250mg-ml-alpha-genetics\/#primaryimage"},"image":{"@id":"https:\/\/123anabolen.com\/index.php\/product\/testosterone-cypionate-250mg-ml-alpha-genetics\/#primaryimage"},"thumbnailUrl":"https:\/\/123anabolen.com\/wp-content\/uploads\/2024\/04\/42.png","datePublished":"2024-04-17T18:09:04+00:00","dateModified":"2026-02-03T09:09:57+00:00","breadcrumb":{"@id":"https:\/\/123anabolen.com\/index.php\/product\/testosterone-cypionate-250mg-ml-alpha-genetics\/#breadcrumb"},"inLanguage":"nl-NL","potentialAction":[{"@type":"ReadAction","target":["https:\/\/123anabolen.com\/index.php\/product\/testosterone-cypionate-250mg-ml-alpha-genetics\/"]}]},{"@type":"ImageObject","inLanguage":"nl-NL","@id":"https:\/\/123anabolen.com\/index.php\/product\/testosterone-cypionate-250mg-ml-alpha-genetics\/#primaryimage","url":"https:\/\/123anabolen.com\/wp-content\/uploads\/2024\/04\/42.png","contentUrl":"https:\/\/123anabolen.com\/wp-content\/uploads\/2024\/04\/42.png","width":3024,"height":4032},{"@type":"BreadcrumbList","@id":"https:\/\/123anabolen.com\/index.php\/product\/testosterone-cypionate-250mg-ml-alpha-genetics\/#breadcrumb","itemListElement":[{"@type":"ListItem","position":1,"name":"Home","item":"https:\/\/123anabolen.com\/"},{"@type":"ListItem","position":2,"name":"Shop","item":"https:\/\/123anabolen.com\/index.php\/shop\/"},{"@type":"ListItem","position":3,"name":"Testosterone Cypionate &#8211; 250mg\/ml &#8211; Alpha Genetics"}]},{"@type":"WebSite","@id":"https:\/\/123anabolen.com\/#website","url":"https:\/\/123anabolen.com\/","name":"De grootste in anabolen","description":"De grootste in de BENELUX","publisher":{"@id":"https:\/\/123anabolen.com\/#organization"},"potentialAction":[{"@type":"SearchAction","target":{"@type":"EntryPoint","urlTemplate":"https:\/\/123anabolen.com\/?s={search_term_string}"},"query-input":{"@type":"PropertyValueSpecification","valueRequired":true,"valueName":"search_term_string"}}],"inLanguage":"nl-NL"},{"@type":"Organization","@id":"https:\/\/123anabolen.com\/#organization","name":"De grootste in anabolen","url":"https:\/\/123anabolen.com\/","logo":{"@type":"ImageObject","inLanguage":"nl-NL","@id":"https:\/\/123anabolen.com\/#\/schema\/logo\/image\/","url":"https:\/\/123anabolen.com\/wp-content\/uploads\/2024\/04\/medicalife.png","contentUrl":"https:\/\/123anabolen.com\/wp-content\/uploads\/2024\/04\/medicalife.png","width":500,"height":500,"caption":"De grootste in anabolen"},"image":{"@id":"https:\/\/123anabolen.com\/#\/schema\/logo\/image\/"}}]}},"jetpack_sharing_enabled":true,"_links":{"self":[{"href":"https:\/\/123anabolen.com\/index.php\/wp-json\/wp\/v2\/product\/2078","targetHints":{"allow":["GET"]}}],"collection":[{"href":"https:\/\/123anabolen.com\/index.php\/wp-json\/wp\/v2\/product"}],"about":[{"href":"https:\/\/123anabolen.com\/index.php\/wp-json\/wp\/v2\/types\/product"}],"replies":[{"embeddable":true,"href":"https:\/\/123anabolen.com\/index.php\/wp-json\/wp\/v2\/comments?post=2078"}],"version-history":[{"count":3,"href":"https:\/\/123anabolen.com\/index.php\/wp-json\/wp\/v2\/product\/2078\/revisions"}],"predecessor-version":[{"id":4615,"href":"https:\/\/123anabolen.com\/index.php\/wp-json\/wp\/v2\/product\/2078\/revisions\/4615"}],"wp:featuredmedia":[{"embeddable":true,"href":"https:\/\/123anabolen.com\/index.php\/wp-json\/wp\/v2\/media\/118"}],"wp:attachment":[{"href":"https:\/\/123anabolen.com\/index.php\/wp-json\/wp\/v2\/media?parent=2078"}],"wp:term":[{"taxonomy":"brand","embeddable":true,"href":"https:\/\/123anabolen.com\/index.php\/wp-json\/wp\/v2\/etheme_brands?post=2078"},{"taxonomy":"product_brand","embeddable":true,"href":"https:\/\/123anabolen.com\/index.php\/wp-json\/wp\/v2\/product_brand?post=2078"},{"taxonomy":"product_cat","embeddable":true,"href":"https:\/\/123anabolen.com\/index.php\/wp-json\/wp\/v2\/product_cat?post=2078"},{"taxonomy":"product_tag","embeddable":true,"href":"https:\/\/123anabolen.com\/index.php\/wp-json\/wp\/v2\/product_tag?post=2078"}],"curies":[{"name":"wp","href":"https:\/\/api.w.org\/{rel}","templated":true}]}}